 3) + 1 + d. What are the prime factors of (-1936)/f - (0 + (-2)/9)?
2, 3
Let r(k) = 65*k**2 + 45*k + 453. What are the prime factors of r(-11)?
7823
Suppose 262*m - 779150 = 237*m. List the prime factors of m.
2, 15583
Suppose -220*o + 2775090 = -8456397 + 1996987. What are the prime factors of o?
5, 23, 73
Suppose 8*o = -12281 - 3439. Let t = -1049 - o. List the prime factors of t.
2, 229
Let w = 8 + -4. Suppose 2*c = -b - 6, -w*b + 5 = c + 1. List the prime factors of ((-232)/c)/(6/9).
3, 29
Let l(m) = -60*m**3 - 17*m**2 - 30*m - 460. What are the prime factors of l(-8)?
2, 3, 19, 43
Suppose 3*y + 140 - 416 = 0. Suppose y = -4*k + 4*n, k + 2*k - 2*n = -73. What are the prime factors of -1 + 160/(-12)*k/12?
29
What are the prime factors of (72 + -2)/5 - -4581?
5, 919
Let n(i) = i**3 + 41*i**2 - 23*i + 57. Let g be (246/(-6))/(-5*1/(-5)). What are the prime factors of n(g)?
2, 5
Let m = 13747 + -9083. List the prime factors of m.
2, 11, 53
Let h = -74 - -76. Let u be 1 + h + -2 + -16 - 3. Let x = 21 - u. List the prime factors of x.
3, 13
List the prime factors of 11622261/231 + (-1)/(55/(-2))*5.
3, 31, 541
Let o = -17178 - -39633. List the prime factors of o.
3, 5, 499
Let w = -6837 - -8234. What are the prime factors of w?
11, 127
Suppose 0 = n - 5*a - 65 - 13, -5*a - 10 = 0. Let h be -1 + 10 + -13 - 37. Let j = n + h. What are the prime factors of j?
3
Suppose -2*u + 693 = -9*u. Let m = 69 - 4. Let o = m - u. List the prime factors of o.
2, 41
Let d = -17895 + 28058. What are the prime factors of d?
10163
Suppose -2*j = 21*k - 20*k - 37970, -4*k = -4*j - 151832. List the prime factors of k.
2, 3, 19, 37
Suppose 0 = -j - 2*j + 5*o - 11, o = 4. Suppose -4*t + 2528 = 3*i + t, i + j*t - 848 = 0. What are the prime factors of i?
2, 11, 19
Suppose 5*q - 15 = 0, -279*q + 280*q + 36883 = s. What are the prime factors of s?
2, 18443
List the prime factors of ((-8)/(-80) - 0)*63670.
6367
Let x(z) = 7*z + 49. Let g be x(-7). Suppose 4*k = 12 - g, -c + 3*k = 31. Let o = 51 + c. What are the prime factors of o?
29
Let p(m) = 13*m**2 + 15*m - 28. Let l(n) = -5*n**2 - 5*n + 9. Let g(y) = -8*l(y) - 3*p(y). What are the prime factors of g(32)?
2, 3, 73
Let u be 12/54 + ((-1228)/18 - -2). Let o = u - -69. Suppose o*b - 71 - 13 = 0. List the prime factors of b.
2, 7
Let r(m) = 9*m + 12. Let y be ((-54)/(-5))/(7/(280/12)). Suppose -p - 2*p + y = 0. What are the prime factors of r(p)?
2, 3, 5
What are the prime factors of 1305 - (-3 + (4 - 7) + 11)?
2, 5, 13
Suppose 12*b = 415 + 1877. Suppose -b = -5*z + 4*z + t, -z = 4*t - 196. List the prime factors of z.
2, 3
What are the prime factors of 364116/(190/10) - 6?
2, 3, 31, 103
Suppose 0 = 28*l + 15*l - 763035. Suppose -4*z - 35*z = -l. List the prime factors of z.
5, 7, 13
Let w be (-8)/20*-20 - -4. Suppose w*g = 3*g + 3843. What are the prime factors of g?
7, 61
Let s be (-44)/66 + 2 + 16/6. Suppose -7 + 3 = s*c. List the prime factors of c/((2 - 5)/447).
149
Suppose x = -3*p - 226, -4*x + 50 = 3*p + 963. Let w = x - -263. List the prime factors of w.
2, 17
Suppose 5*i + 28 = 4*o, -5*o + 11 + 19 = -5*i. Suppose 3*v - 39 = -o*w, -v = 4*v - 15. Suppose 8*y - w*y = -700. What are the prime factors of y?
2, 5
Let l = -41 - -26. List the prime factors of (-2)/(-2) + 335 + l/3.
331
Let u(x) = -x**3 + 8*x**2 + 9*x + 30. Let t be u(9). Suppose 7646 = t*y - 3274. List the prime factors of y.
2, 7, 13
Suppose 3*v + 27251 = f, -15*f + 54518 = -13*f + 2*v. List the prime factors of f.
97, 281
Let d = 91 + 2. Let q = d - 60. Suppose q*z = 29*z + 692. List the prime factors of z.
173
Let j(t) = 18*t**2 + 6*t - 4. Suppose -5*w = -b + 59, 21 = -5*w - 5*b - 14. Let p be -1 + -2 - 0/w. List the prime factors of j(p).
2, 5, 7
Suppose -82 = -9*l - 19. Suppose 1456 + 840 = l*g. What are the prime factors of g?
2, 41
Suppose -4*p - 2*g = -3*p + 7, 3*p - 3*g = 24. What are the prime factors of (-16695)/(-18) + p/18*3?
2, 29
Suppose -356968 = -4*n - 723*s + 717*s, 89242 = n + 4*s. What are the prime factors of n?
2, 44621
Let h(u) = 356*u**3. Let f be (2 + (2 - 2))/2. What are the prime factors of h(f)?
2, 89
Let g be (1 - 1 - -329) + -3. Let x be 3856/18 - (-5 + (-235)/(-45)). Let a = g - x. List the prime factors of a.
2, 7
Suppose 2*o - 4*g = 15704, 11*o + 15668 = 13*o - 10*g. List the prime factors of o.
2, 983
Suppose h = 4*u + 105, -2*h - 3*u = 2*h - 515. Suppose 6*n = n + 3*t, 19 = -2*n + 5*t. What are the prime factors of h/(-45) + n - (-464)/18?
2, 13
Let t(p) = p**2 - 14*p - 29. Let l be t(-2). Suppose 2217 = 4*s + o, s - 2*o - 555 = -l*o. List the prime factors of s.
2, 277
Let d be ((-9)/(-4))/(2/16). Suppose 2*n = -b - 8164, -27*n + 3*b - 4068 = -26*n. List the prime factors of d/(-63) + n/(-21) + 0.
2, 97
Suppose 9 = s + 3*y, -3*y - 16 = -2*s + 29. Suppose 0 = s*g - 3225 - 11823. List the prime factors of g.
2, 11, 19
Suppose -2*f = 4*v - 3858, -1941 - 2880 = -5*v - f. List the prime factors of v.
2, 241
Let g = -2677 + 1402. Let h = 1839 + g. List the prime factors of h.
2, 3, 47
Let f = 17629 - 10099. List the prime factors of f.
2, 3, 5, 251
Suppose -8*q + 54*q - 297068 = 0. What are the prime factors of q?
2, 3229
Let a(g) = 3*g**3 + 323*g**2 - 112*g + 466. List the prime factors of a(-108).
2, 449
Let g(l) = l**2 - 16*l - 53. Let t be g(-3). Suppose 5*x - 1582 = -t*r, -x + 199 + 130 = 5*r. What are the prime factors of x?
2, 157
Suppose -3*n + 21852 = 3*f, 4*n + f - 29109 = 6*f. List the prime factors of n.
3, 809
Let j(z) = -1450*z - 6098. What are the prime factors of j(-39)?
2, 12613
Let b be 65/5 + 0 + 2 + 1. Suppose 2*n - b = 274. Suppose 360 = 3*c - 3*m, c - 3*m + 7*m = n. List the prime factors of c.
5
Suppose -3*n - 4008 = -j, 0 = -78*j + 83*j - 2*n - 20014. What are the prime factors of j?
2, 3, 23, 29
What are the prime factors of (3 - 4) + -36172*1*1/(-4)?
2, 3, 11, 137
Let j(q) = -15*q**3 - 2*q**2 - q + 47. What are the prime factors of j(-5)?
1877
What are the prime factors of (-14)/((-112)/(-88))*-537?
3, 11, 179
Suppose -7*i + 37*i = -17*i + 1146142. What are the prime factors of i?
2, 89, 137
Let h(f) = 30 + 13*f - 9*f**2 + f**2 - 9 - 5. Let z be h(7). Let p = z - -411. List the prime factors of p.
2, 3, 7
Suppose 4*k + 8 - 4 = 0, -5*h + 225596 = 4*k. What are the prime factors of h?
2, 3, 5, 47
Let k(j) = 54*j**2 - 53*j + 135. List the prime factors of k(-14).
73, 157
Suppose -4717 + 1819 = -63*n. Suppose -n*d - 8149 + 41959 = 0. List the prime factors of d.
3, 5, 7
Let p be 9/(-27) - 26/(-6). Let b be 1 + 2 - p*-2. Let l(z) = -z**3 + 13*z**2 - 11*z - 22. List the prime factors of l(b).
3, 11
Let l be 2/14 + (-272)/(-56). Suppose -2*c + 7*s = 3*s + 20, -5*c = s - l. Suppose 8*w - 372 - 324 = c. What are the prime factors of w?
3, 29
Suppose -5*y = -l + 1668, 3*l - 189 = 2*y + 4906. What are the prime factors of l?
13, 131
Suppose 4*s + 2*j - 130 = 0, 149 = 5*s - j - j. Suppose t - 2*t + 3*w = -19, -3*w = -4*t + s. List the prime factors of 6*(-2)/t - -14.
11
Let g = -24 - -15. Suppose -4554 + 1242 = -111*u + 19*u. Let b = u + g. List the prime factors of b.
3
What are the prime factors of ((-12)/(-4))/((-27)/(-191853))?
21317
Suppose 2*g - 3*j = -4, 3*g + 28 = 8*g + 2*j. List the prime factors of g/3 - 884/(-3).
2, 37
Let i = -14 + 20. Suppose 3*m = i*m + 3*w - 396, -3*m + 3*w + 396 = 0. What are the prime factors of m?
2, 3, 11
Let c be 112/(-11) - (84/(-77))/6. Let v(g) be the first derivative of g**4/4 + 10*g**3/3 + 10*g - 1. What are the prime factors of v(c)?
2, 5
Suppose x = 6*x. Let i be (3 - x)/(2/6). Let q(p) = p**2 - 5*p + 6. List the prime factors of q(i).
2, 3, 7
Let p = 829 - 838. List the prime factors of (-4 - p) + 4 + 2.
11
Suppose 3*w + h = 31936, 2*w - 21294 = 212*h - 211*h. List the prime factors of w.
2, 5323
Let u = 43 + 45. List the prime factors of u + (-30)/(-5 + 0).
2, 47
Suppose 4*a - 22251 = 3*y + 3196, -31807 = -5*a + 2*y. What are the prime factors of a?
6361
List the prime factors of 261/58 - (-78825)/10.
3, 11, 239
Suppose 0*a - 2*a = -2*k, -3*k + 30 = 3*a. Suppose g + f - 96 = 0, -a*g + 673 = -3*f + 153. List the prime factors of g.
101
Let u(d) = 37*d - 1689. What are the prime factors of u(67)?
2, 5, 79
Suppose -22189 = -5*f + 47351. Suppose -43*t = -55*t + f.